30.
2, 5, 7
What are the prime factors of 57020?
2, 5, 2851
What are the prime factors of 13946?
2, 19, 367
List the prime factors of 718.
2, 359
List the prime factors of 21284.
2, 17, 313
List the prime factors of 1990.
2, 5, 199
What are the prime factors of 1931?
1931
List the prime factors of 1174.
2, 587
What are the prime factors of 1767?
3, 19, 31
What are the prime factors of 31?
31
What are the prime factors of 2879?
2879
List the prime factors of 1602.
2, 3, 89
What are the prime factors of 2282?
2, 7, 163
What are the prime factors of 28263?
3, 9421
What are the prime factors of 3837?
3, 1279
What are the prime factors of 5507?
5507
What are the prime factors of 138544?
2, 7, 1237
List the prime factors of 1202.
2, 601
What are the prime factors of 2984?
2, 373
List the prime factors of 3207.
3, 1069
List the prime factors of 1070.
2, 5, 107
List the prime factors of 12292.
2, 7, 439
What are the prime factors of 5426?
2, 2713
List the prime factors of 175460.
2, 5, 31, 283
List the prime factors of 238.
2, 7, 17
List the prime factors of 1981.
7, 283
What are the prime factors of 66363?
3, 11, 2011
List the prime factors of 77084.
2, 7, 2753
What are the prime factors of 28833?
3, 7, 1373
List the prime factors of 2868.
2, 3, 239
What are the prime factors of 3416?
2, 7, 61
List the prime factors of 1836.
2, 3, 17
List the prime factors of 63276.
2, 3, 5273
What are the prime factors of 9230?
2, 5, 13, 71
List the prime factors of 80.
2, 5
List the prime factors of 241.
241
List the prime factors of 13056.
2, 3, 17
List the prime factors of 2511.
3, 31
List the prime factors of 373.
373
List the prime factors of 9056.
2, 283
What are the prime factors of 24321?
3, 11, 67
What are the prime factors of 6446?
2, 11, 293
List the prime factors of 8567.
13, 659
List the prime factors of 8163.
3, 907
What are the prime factors of 5549?
31, 179
List the prime factors of 2838.
2, 3, 11, 43
List the prime factors of 448.
2, 7
List the prime factors of 678.
2, 3, 113
List the prime factors of 814.
2, 11, 37
What are the prime factors of 1088?
2, 17
What are the prime factors of 8677?
8677
List the prime factors of 16879.
16879
List the prime factors of 379.
379
List the prime factors of 13092.
2, 3, 1091
List the prime factors of 105415.
5, 29, 727
List the prime factors of 1404.
2, 3, 13
List the prime factors of 1859.
11, 13
What are the prime factors of 12028?
2, 31, 97
List the prime factors of 14585.
5, 2917
List the prime factors of 1610.
2, 5, 7, 23
List the prime factors of 550.
2, 5, 11
What are the prime factors of 6052?
2, 17, 89
What are the prime factors of 7944?
2, 3, 331
List the prime factors of 374.
2, 11, 17
What are the prime factors of 1421?
7, 29
What are the prime factors of 18871?
113, 167
What are the prime factors of 6638?
2, 3319
What are the prime factors of 194717?
194717
List the prime factors of 14869.
14869
List the prime factors of 1809.
3, 67
What are the prime factors of 208?
2, 13
List the prime factors of 4964.
2, 17, 73
List the prime factors of 13550.
2, 5, 271
List the prime factors of 3858.
2, 3, 643
What are the prime factors of 1530?
2, 3, 5, 17
List the prime factors of 24127.
23, 1049
List the prime factors of 3276.
2, 3, 7, 13
List the prime factors of 8641.
8641
List the prime factors of 9000.
2, 3, 5
What are the prime factors of 919?
919
What are the prime factors of 3882?
2, 3, 647
What are the prime factors of 67378?
2, 59, 571
List the prime factors of 59319.
3, 13
What are the prime factors of 22506?
2, 3, 11, 31
What are the prime factors of 1930?
2, 5, 193
List the prime factors of 1354.
2, 677
List the prime factors of 93823.
17, 5519
What are the prime factors of 1040?
2, 5, 13
List the prime factors of 8656.
2, 541
What are the prime factors of 34577?
71, 487
List the prime factors of 3171.
3, 7, 151
What are the prime factors of 10860?
2, 3, 5, 181
List the prime factors of 92.
2, 23
What are the prime factors of 4094?
2, 23, 89
List the prime factors of 34535.
5, 6907
What are the prime factors of 348?
2, 3, 29
List the prime factors of 38760.
2, 3, 5, 17, 19
What are the prime factors of 30455?
5, 6091
What are the prime factors of 36651?
3, 19, 643
What are the prime factors of 1228?
2, 307
List the prime factors of 14383.
19, 757
What are the prime factors of 1054?
2, 17, 31
What are the prime factors of 15951?
3, 13, 409
What are the prime factors of 3348?
2, 3, 31
What are the prime factors of 34102?
2, 17, 59
List the prime factors of 89940.
2, 3, 5, 1499
List the prime factors of 5192.
2, 11, 59
What are the prime factors of 6168?
2, 3, 257
What are the prime factors of 1969?
11, 179
What are the prime factors of 3967?
3967
List the prime factors of 2708.
2, 677
List the prime factors of 1644.
2, 3, 137
List the prime factors of 305.
5, 61
What are the prime factors of 30449?
30449
What are the prime factors of 39254?
2, 19, 1033
List the prime factors of 3011.
3011
What are the prime factors of 6659?
6659
List the prime factors of 1607.
1607
List the prime factors of 4639.
4639
List the prime factors of 2355.
3, 5, 157
What are the prime factors of 34991?
11, 3181
What are the prime factors of 2258?
2, 1129
What are the prime factors of 1942?
2, 971
List the prime factors of 103686.
2, 3, 11, 1571
What are the prime factors of 63056?
2, 7, 563
List the prime factors of 12453.
3, 7, 593
List the prime factors of 1240.
2, 5, 31
List the prime factors of 3024.
2, 3, 7
List the prime factors of 2918.
2, 1459
What are the prime factors of 42758?
2, 21379
List the prime factors of 31861.
151, 211
List the prime factors of 1664.
2, 13
What are the prime factors of 24133?
24133
What are the prime factors of 6971?
6971
What are the prime factors of 124385?
5, 24877
List the prime factors of 1038.
2, 3, 173
List the prime factors of 7334.
2, 19, 193
List the prime factors of 26171.
26171
List the prime factors of 3760.
2, 5, 47
What are the prime factors of 14125?
5, 113
What are the prime factors of 44791?
47, 953
List the prime factors of 50875.
5, 11, 37
What are the prime factors of 127?
127
What are the prime factors of 33515?
5, 6703
List the prime factors of 3409.
7, 487
What are the prime factors of 12149?
12149
List the prime factors of 10492.
2, 43, 61
What are the prime factors of 858?
2, 3, 11, 13
List the prime factors of 76223.
7, 10889
List the prime factors of 1412.
2, 353
What are the prime factors of 3265?
5, 653
List the prime factors of 537.
3, 179
What are the prime factors of 625?
5
What are the prime factors of 950?
2, 5, 19
What are the prime factors of 12712?
2, 7, 227
What are the prime factors of 1147?
31, 37
What are the prime factors of 8303?
19, 23
List the prime factors of 529.
23
What are the prime factors of 593?
593
List the prime factors of 2074.
2, 17, 61
What are the prime factors of 3650?
2, 5, 73
List the prime factors of 10721.
71, 151
List the prime factors of 1914.
2, 3, 11, 29
What are the prime factors of 78652?
2, 7, 53
What are the prime factors of 796?
2, 199
List the prime factors of 7987.
7, 163
List the prime factors of 22164.
2, 3, 1847
List the prime factors of 1832.
2, 229
List the prime factors of 11177.
11177
What are the prime factors of 859?
859
List the prime factors of 1233.
3, 137
List the prime factors of 2051.
7, 293
What are the prime factors of 16?
2
What are the prime factors of 44536?
2, 19, 293
List the prime factors of 12071.
12071
What are the prime factors of 139023?
3, 19, 271
What are the prime factors of 93587?
13, 23, 313
List the prime factors of 9589.
43, 223
What are the prime factors of 5242?
2, 2621
What are the prime factors of 100679?
83, 1213
What are the prime factors of 148808?
2, 11, 19, 89
What are the prime factors of 7465?
5, 1493
List the prime factors of 194.
2, 97
What are the prime factors of 6633?
3, 11, 67
List the prime factors of 315.
3, 5, 7
What are the prime factors of 2071?
19, 109
What are the prime factors of 25006?
2, 12503
List the prime factors of 54585.
3, 5, 1213
List the prime factors of 20099.
101, 199
List the prime factors of 6025.
5, 241
What are the prime factors of 48713?
7, 6959
List the prime factors of 1767.
3, 19, 31
What are the prime factors of 19408?
2, 1213
Li